{"id":36,"date":"2023-02-18T15:41:55","date_gmt":"2023-02-18T15:41:55","guid":{"rendered":"https:\/\/neocortex.de\/?page_id=36"},"modified":"2026-01-05T20:57:58","modified_gmt":"2026-01-05T20:57:58","slug":"willkommen","status":"publish","type":"page","link":"https:\/\/meintherapeut-bonn.de\/STRATO-apps\/wordpress_01\/app\/willkommen\/","title":{"rendered":"Willkommen"},"content":{"rendered":"\n<h5 class=\"wp-block-heading\"><em>Leben ist Bewegung, Bewegung ist Ver\u00e4nderung, Ver\u00e4nderung ist Herausforderung<\/em><\/h5>\n\n\n\n<p>Auf den folgenden Seiten finden Sie viele wichtige Informationen \u00fcber Ihren Weg zu einer psychotherapeutischen Behandlung, zum Ablauf und den Kosten und zu den M\u00f6glichkeiten, <a href=\"https:\/\/meintherapeut-bonn.de\/STRATO-apps\/wordpress_01\/app\/kontakformular\/\" data-type=\"page\" data-id=\"450\">Kontakt<\/a> aufzunehmen.<\/p>\n\n\n\n<p><strong>Praxisadresse<\/strong>: Rosental 90, 53111 Bonn <a href=\"https:\/\/goo.gl\/maps\/ApuppsMqAV4Dxo9c9\" target=\"_blank\" rel=\"noreferrer noopener\">(Klicken um Adresse in neuem Fenster auf Google zu \u00f6ffnen)<\/a><\/p>\n\n\n\n<p><strong>Kontaktaufnahme<\/strong>: bitte nutzen Sie das <a href=\"https:\/\/meintherapeut-bonn.de\/STRATO-apps\/wordpress_01\/app\/kontakformular\/\" data-type=\"page\" data-id=\"450\">Kontaktformular<\/a><\/p>\n\n\n\n<p><strong>Team:<\/strong><\/p>\n\n\n\n<figure class=\"wp-block-image size-full is-resized\"><img loading=\"lazy\" decoding=\"async\" width=\"479\" height=\"640\" src=\"https:\/\/meintherapeut-bonn.de\/wp-content\/uploads\/2024\/05\/Foto-Roenneper-.jpeg\" alt=\"\" class=\"wp-image-714\" style=\"width:280px;height:auto\" srcset=\"https:\/\/meintherapeut-bonn.de\/wp-content\/uploads\/2024\/05\/Foto-Roenneper-.jpeg 479w, https:\/\/meintherapeut-bonn.de\/wp-content\/uploads\/2024\/05\/Foto-Roenneper--225x300.jpeg 225w\" sizes=\"auto, (max-width: 479px) 100vw, 479px\" \/><\/figure>\n\n\n\n<p><strong>M.Sc. Kristina R\u00f6nneper<\/strong><br>Psychologische Psychotherapeutin<\/p>\n\n\n\n<ul class=\"wp-block-list\">\n<li>Seit 2024 Angestellte in der Praxis f\u00fcr Psychotherapie in Bonn<\/li>\n\n\n\n<li>2024 Staatliche Approbation als Psychologische Psychotherapeutin im Richtlinienverfahren Verhaltenstherapie<\/li>\n\n\n\n<li>2021-2024 Ambulante T\u00e4tigkeit im Rahmen der Ausbildung zur Psychologischen Psychotherapeutin&nbsp;<\/li>\n\n\n\n<li>2020-2021 Psychologin an der Dr. v. Ehrenwall\u00b4sche Klinik in Bad Neuenahr-Ahrweiler<\/li>\n\n\n\n<li>Seit 2019 Neuropsychologin in Ausbildung im ambulanten neurologischen Rehabilitationszentrum Neurologische Therapie RheinAhr in Bad Neuenahr-Ahrweiler&nbsp;<\/li>\n\n\n\n<li>2019 Psychologin im Neurologischen Rehabilitationszentrum Godesh\u00f6he in Bonn<\/li>\n\n\n\n<li>2014-2019 Psychologie-Studium an der Radboud Universiteit Nijmegen (NL) mit Masterabschluss&nbsp;<\/li>\n<\/ul>\n\n\n\n<figure class=\"wp-block-image size-full is-resized\"><img loading=\"lazy\" decoding=\"async\" width=\"1024\" height=\"1536\" src=\"https:\/\/meintherapeut-bonn.de\/wp-content\/uploads\/2026\/01\/1BA80CC4-5FE9-45A5-A479-3D17C10D04F2.png\" alt=\"\" class=\"wp-image-798\" style=\"width:281px;height:auto\" srcset=\"https:\/\/meintherapeut-bonn.de\/wp-content\/uploads\/2026\/01\/1BA80CC4-5FE9-45A5-A479-3D17C10D04F2.png 1024w, https:\/\/meintherapeut-bonn.de\/wp-content\/uploads\/2026\/01\/1BA80CC4-5FE9-45A5-A479-3D17C10D04F2-200x300.png 200w, https:\/\/meintherapeut-bonn.de\/wp-content\/uploads\/2026\/01\/1BA80CC4-5FE9-45A5-A479-3D17C10D04F2-683x1024.png 683w, https:\/\/meintherapeut-bonn.de\/wp-content\/uploads\/2026\/01\/1BA80CC4-5FE9-45A5-A479-3D17C10D04F2-768x1152.png 768w, https:\/\/meintherapeut-bonn.de\/wp-content\/uploads\/2026\/01\/1BA80CC4-5FE9-45A5-A479-3D17C10D04F2-624x936.png 624w\" sizes=\"auto, (max-width: 1024px) 100vw, 1024px\" \/><\/figure>\n\n\n\n<p><strong>Dipl. Psych. Christian Fleischer<\/strong><br>Psychologischer Psychotherapeut<\/p>\n\n\n\n<ul class=\"wp-block-list\">\n<li>Zulassung \u00fcber die <a href=\"http:\/\/www.kvno.de\">Kassen\u00e4rztliche Vereinigung Nordrhein<\/a> (Verhaltenstherapie)<\/li>\n\n\n\n<li>Therapien k\u00f6nnen \u00fcber alle gesetzlichen und privaten Krankenkassen abgerechnet werden<\/li>\n\n\n\n<li>Approbation im Richtlinienverfahren Verhaltenstherapie f\u00fcr Erwachsene<\/li>\n\n\n\n<li>Eintragung im Arztregister des Zulassungsbereichs K\u00f6ln unter der Nr. 2782748<\/li>\n\n\n\n<li>Approbationsfortbildung zum Psychologischen Psychotherapeut bei der Deutschen Gesellschaft f\u00fcr Verhaltenstherapie (<a href=\"http:\/\/www.dgvt.de\">DGVT<\/a>), Bonn<\/li>\n\n\n\n<li>Master of Advanced Studies in Psychotherapie mit Schwerpunkt Verhaltenstherapie, <a href=\"https:\/\/www.psy.unibe.ch\/index_ger.html\">Universit\u00e4t Bern<\/a> (MASPTVT)<\/li>\n\n\n\n<li>T\u00e4tigkeit als Arbeits- und Organisationspsychologe bei verschiedenen Arbeitgebern und Unternehmen<\/li>\n\n\n\n<li>Psychologiestudium mit Abschluss Diplom, <a href=\"http:\/\/www.uni-trier.de\">Universit\u00e4t Trier<\/a><\/li>\n<\/ul>\n\n\n\n<h5 class=\"wp-block-heading\">Woran erkennt man die Fachleute f\u00fcr Psychotherapie?<\/h5>\n\n\n\n<p>Diese und andere wichtige Fragen sind <a href=\"https:\/\/meintherapeut-bonn.de\/STRATO-apps\/wordpress_01\/app\/haeufige-fragen\/\" data-type=\"post\" data-id=\"69\">hier<\/a> zusammengetragen.<\/p>\n","protected":false},"excerpt":{"rendered":"<p>Leben ist Bewegung, Bewegung ist Ver\u00e4nderung, Ver\u00e4nderung ist Herausforderung Auf den folgenden Seiten finden Sie viele wichtige Informationen \u00fcber Ihren Weg zu einer psychotherapeutischen Behandlung, zum Ablauf und den Kosten und zu den M\u00f6glichkeiten, Kontakt aufzunehmen. Praxisadresse: Rosental 90, 53111 Bonn (Klicken um Adresse in neuem Fenster auf Google zu \u00f6ffnen) Kontaktaufnahme: bitte nutzen Sie [&hellip;]<\/p>\n","protected":false},"author":1,"featured_media":0,"parent":0,"menu_order":0,"comment_status":"closed","ping_status":"closed","template":"","meta":{"footnotes":""},"class_list":["post-36","page","type-page","status-publish","hentry"],"_links":{"self":[{"href":"https:\/\/meintherapeut-bonn.de\/STRATO-apps\/wordpress_01\/app\/wp-json\/wp\/v2\/pages\/36","targetHints":{"allow":["GET"]}}],"collection":[{"href":"https:\/\/meintherapeut-bonn.de\/STRATO-apps\/wordpress_01\/app\/wp-json\/wp\/v2\/pages"}],"about":[{"href":"https:\/\/meintherapeut-bonn.de\/STRATO-apps\/wordpress_01\/app\/wp-json\/wp\/v2\/types\/page"}],"author":[{"embeddable":true,"href":"https:\/\/meintherapeut-bonn.de\/STRATO-apps\/wordpress_01\/app\/wp-json\/wp\/v2\/users\/1"}],"replies":[{"embeddable":true,"href":"https:\/\/meintherapeut-bonn.de\/STRATO-apps\/wordpress_01\/app\/wp-json\/wp\/v2\/comments?post=36"}],"version-history":[{"count":29,"href":"https:\/\/meintherapeut-bonn.de\/STRATO-apps\/wordpress_01\/app\/wp-json\/wp\/v2\/pages\/36\/revisions"}],"predecessor-version":[{"id":799,"href":"https:\/\/meintherapeut-bonn.de\/STRATO-apps\/wordpress_01\/app\/wp-json\/wp\/v2\/pages\/36\/revisions\/799"}],"wp:attachment":[{"href":"https:\/\/meintherapeut-bonn.de\/STRATO-apps\/wordpress_01\/app\/wp-json\/wp\/v2\/media?parent=36"}],"curies":[{"name":"wp","href":"https:\/\/api.w.org\/{rel}","templated":true}]}}